{"id":2455,"date":"2024-12-12T15:57:05","date_gmt":"2024-12-12T14:57:05","guid":{"rendered":"https:\/\/bachanaliafantastyczne.pl\/?post_type=product&#038;p=2455"},"modified":"2026-02-12T17:37:45","modified_gmt":"2026-02-12T16:37:45","slug":"fantazje-zielonogorskie-ii","status":"publish","type":"product","link":"https:\/\/bachanaliafantastyczne.pl\/index.php\/produkt\/fantazje-zielonogorskie-ii\/","title":{"rendered":"Fantazje Zielonog\u00f3rskie II"},"content":{"rendered":"<h3 class=\"wp-block-heading\">Tom II<\/h3>\n<div class=\"wp-block-image\">\n<figure class=\"alignright size-full\"><img fetchpriority=\"high\" decoding=\"async\" class=\"wp-image-64\" src=\"https:\/\/fantazje.adastra.zgora.pl\/wp-content\/uploads\/2020\/04\/fz2.gif\" alt=\"\" width=\"200\" height=\"284\"><\/figure>\n<\/div>\n<p>W roku 2012 Odby\u0142a si\u0119 druga edycja konkursu, kt\u00f3rej efektem by\u0142 kolejny tom antologii. W jury zasiedli: dr Bogdan Trocha (UZ), Eugeniusz Kurzawa (Gazeta Lubuska) i Kazimierz Kielarski (Ad Astra). Redakcji tomu dokona\u0142 Maciej Dobrowolski, korekty Anna Cejmer-Kami\u0144ska, sk\u0142adu Mamert Janion, a ilustracje wykona\u0142 Igor Myszkiewicz.<\/p>\n<p>Zawarto\u015b\u0107 tomu:<\/p>\n<ul>\n<li>Micha\u0142 Organi\u015bciak \u201eCzarna\u201d<\/li>\n<li>Micha\u0142 Pero\u0144 \u201eO Tym, co w g\u00f3rze\u201d<\/li>\n<li>Anna Bobrowicz \u201eO m\u0142odzie\u0144cu Bergiem zwanym i Zielonej Pani\u201d<\/li>\n<li>Anna Hrycyszyn \u201eManifest\u201d<\/li>\n<li>Marek Starosta \u201eGrona \u017cycia\u201d<\/li>\n<li>Anna Wo\u0142osiak-Tomaszewska \u201eM\u00f3j Kapitanie\u201d<\/li>\n<li>\u0141ukasz Szteleblak \u201eNiedzisiejsi\u201d<\/li>\n<li>Adriana Siess \u201eWinobranie\u201d<\/li>\n<li>Maciej Ka\u017amierczak \u201eBezsilno\u015b\u0107\u201d<\/li>\n<li>Robert Narkun \u201e\u015amier\u0107 elfa\u201d<\/li>\n<\/ul>\n<p>Poza konkursem (teksty cz\u0142onk\u00f3w ZKF Ad Astra):<\/p>\n<ul>\n<li>Igor Myszkiewicz \u201eKorow\u00f3d\u201d<\/li>\n<li>Joanna \u201eGompka\u201d B\u0142aszyk \u201eMo\u017ce to dzi\u015b?\u201d<\/li>\n<li>Konrad Rataj \u201eArdens Chrome\u201d<\/li>\n<li>Zbigniew Kulczycki \u201ePi\u00f3ra\u201d<\/li>\n<\/ul>\n<p>Nagrod\u0119 Grand Prix zdoby\u0142o opowiadanie Micha\u0142a Organi\u015bciaka&nbsp;<a href=\"http:\/\/fantazje.adastra.zgora.pl\/wp-content\/uploads\/sites\/2\/2020\/04\/Michal-Organisciak-Czarna.pdf\">(przeczytaj opowiadanie)<\/a>.<\/p>\n<p>Ksi\u0105\u017ck\u0119 wydano przy wsp\u00f3\u0142pracy Fabryki Reklamy IBI i Galerii Tw\u00f3rc\u00f3w Galera.<\/p>\n<p>Patronat medialny: Gazeta Wyborcza<\/p>\n","protected":false},"excerpt":{"rendered":"<p>Tom II W roku 2012 Odby\u0142a si\u0119 druga edycja konkursu, kt\u00f3rej efektem by\u0142 kolejny tom antologii. W jury zasiedli: dr Bogdan Trocha (UZ), Eugeniusz Kurzawa (Gazeta Lubuska) i Kazimierz Kielarski (Ad Astra). Redakcji tomu dokona\u0142 Maciej Dobrowolski, korekty Anna Cejmer-Kami\u0144ska, sk\u0142adu Mamert Janion, a ilustracje wykona\u0142 Igor Myszkiewicz. Zawarto\u015b\u0107 tomu: Micha\u0142 Organi\u015bciak \u201eCzarna\u201d Micha\u0142 Pero\u0144 \u201eO Tym, co w g\u00f3rze\u201d Anna Bobrowicz \u201eO m\u0142odzie\u0144cu Bergiem zwanym i Zielonej Pani\u201d Anna Hrycyszyn \u201eManifest\u201d Marek Starosta \u201eGrona \u017cycia\u201d Anna Wo\u0142osiak-Tomaszewska \u201eM\u00f3j Kapitanie\u201d \u0141ukasz Szteleblak \u201eNiedzisiejsi\u201d Adriana Siess \u201eWinobranie\u201d Maciej Ka\u017amierczak \u201eBezsilno\u015b\u0107\u201d Robert Narkun \u201e\u015amier\u0107 elfa\u201d Poza konkursem (teksty cz\u0142onk\u00f3w ZKF Ad Astra): Igor Myszkiewicz \u201eKorow\u00f3d\u201d Joanna \u201eGompka\u201d B\u0142aszyk \u201eMo\u017ce to dzi\u015b?\u201d Konrad Rataj \u201eArdens Chrome\u201d Zbigniew Kulczycki \u201ePi\u00f3ra\u201d Nagrod\u0119 Grand Prix zdoby\u0142o opowiadanie Micha\u0142a Organi\u015bciaka&nbsp;(przeczytaj opowiadanie). Ksi\u0105\u017ck\u0119 wydano przy wsp\u00f3\u0142pracy Fabryki Reklamy IBI i Galerii Tw\u00f3rc\u00f3w Galera. Patronat medialny: Gazeta Wyborcza<\/p>\n","protected":false},"featured_media":2461,"template":"","meta":{"ngg_post_thumbnail":0},"product_brand":[],"product_cat":[35],"product_tag":[],"class_list":{"0":"post-2455","1":"product","2":"type-product","3":"status-publish","4":"has-post-thumbnail","6":"product_cat-antologie","8":"first","9":"instock","10":"shipping-taxable","11":"purchasable","12":"product-type-simple"},"_links":{"self":[{"href":"https:\/\/bachanaliafantastyczne.pl\/index.php\/wp-json\/wp\/v2\/product\/2455","targetHints":{"allow":["GET"]}}],"collection":[{"href":"https:\/\/bachanaliafantastyczne.pl\/index.php\/wp-json\/wp\/v2\/product"}],"about":[{"href":"https:\/\/bachanaliafantastyczne.pl\/index.php\/wp-json\/wp\/v2\/types\/product"}],"wp:featuredmedia":[{"embeddable":true,"href":"https:\/\/bachanaliafantastyczne.pl\/index.php\/wp-json\/wp\/v2\/media\/2461"}],"wp:attachment":[{"href":"https:\/\/bachanaliafantastyczne.pl\/index.php\/wp-json\/wp\/v2\/media?parent=2455"}],"wp:term":[{"taxonomy":"product_brand","embeddable":true,"href":"https:\/\/bachanaliafantastyczne.pl\/index.php\/wp-json\/wp\/v2\/product_brand?post=2455"},{"taxonomy":"product_cat","embeddable":true,"href":"https:\/\/bachanaliafantastyczne.pl\/index.php\/wp-json\/wp\/v2\/product_cat?post=2455"},{"taxonomy":"product_tag","embeddable":true,"href":"https:\/\/bachanaliafantastyczne.pl\/index.php\/wp-json\/wp\/v2\/product_tag?post=2455"}],"curies":[{"name":"wp","href":"https:\/\/api.w.org\/{rel}","templated":true}]}}