{"id":2433,"date":"2024-12-12T15:35:12","date_gmt":"2024-12-12T14:35:12","guid":{"rendered":"https:\/\/bachanaliafantastyczne.pl\/?post_type=product&#038;p=2433"},"modified":"2024-12-12T16:23:12","modified_gmt":"2024-12-12T15:23:12","slug":"fantazje-zielonogorskie-xii","status":"publish","type":"product","link":"https:\/\/bachanaliafantastyczne.pl\/index.php\/produkt\/fantazje-zielonogorskie-xii\/","title":{"rendered":"Fantazje Zielonog\u00f3rskie XII"},"content":{"rendered":"<p>Zawarto\u015b\u0107 tomu:<\/p>\n<ul>\n<li>\u201e\u017belazna 2\u201d \u2013 Roland Hensoldt<\/li>\n<li>\u201eMirabelki\u201d \u2013 Rados\u0142aw Olek<\/li>\n<li>\u201eGdzie ten, kt\u00f3ry powie mi, czy to koniec naszych dni\u201d \u2013 Krzysztof Syrek<\/li>\n<li>\u201eElegia dla miasta\u201d \u2013 Artur Olchowy<\/li>\n<li>\u201eCud\u201d \u2013 Adam Sapierzy\u0144ski<\/li>\n<li>\u201ePrzypadek, jaka\u015b wojna w mie\u015bcie Grunberg\u201d \u2013 Mieczys\u0142aw J. Bonis\u0142awski<\/li>\n<li>\u201eIntegralno\u015b\u0107\u201d \u2013 Beata Przyby\u0142owska<\/li>\n<li>\u201eChod\u017a pomaluj\u0119 tw\u00f3j \u015bwiat\u201d \u2013 Magdalena Anna Sakowska<\/li>\n<li>\u201eSpowied\u017a nieznajomego\u201d \u2013 Natalia Dopiera\u0142a<\/li>\n<li>\u201eA gdzie diabe\u0142 nie mo\u017ce\u201d \u2013 Piotr Grzegorz Or\u0142owski<\/li>\n<li>\u201eSyndrom VT-815\u201d \u2013 Katarzyna Hajok<\/li>\n<li>\u201eB\u00f3g Cyrus\u201d \u2013 Paulina Wojciechowska<\/li>\n<\/ul>\n<p>Roland Hensoldt swoim opowiadaniem \u201e\u017belazna 2\u201d wygra\u0142 XII edycj\u0119 konkursu i zdoby\u0142 nagrod\u0119 Grand Prix! Opr\u00f3cz wy\u0142onienia zwyci\u0119zcy kapitu\u0142a przyzna\u0142a wyr\u00f3\u017cnienia dw\u00f3m innym pracom, kt\u00f3re jej zdaniem zaprezentowa\u0142y bardzo wysoki poziom: \u201eMirabelki\u201d Rados\u0142awa Oleka oraz \u201eGdzie ten, kt\u00f3ry powie mi, czy to koniec naszych dni\u201d Krzysztofa Syrka.<\/p>\n<p>Ksi\u0105\u017ck\u0119 wydano przy wsp\u00f3\u0142pracy Fabryki Reklamy SANDMEDIA i Galerii Tw\u00f3rc\u00f3w Galera.&nbsp;<\/p>\n<p>Zrealizowano przy pomocy finansowej Miasta Zielona G\u00f3ra.<\/p>\n","protected":false},"excerpt":{"rendered":"<p>Zawarto\u015b\u0107 tomu: \u201e\u017belazna 2\u201d \u2013 Roland Hensoldt \u201eMirabelki\u201d \u2013 Rados\u0142aw Olek \u201eGdzie ten, kt\u00f3ry powie mi, czy to koniec naszych dni\u201d \u2013 Krzysztof Syrek \u201eElegia dla miasta\u201d \u2013 Artur Olchowy \u201eCud\u201d \u2013 Adam Sapierzy\u0144ski \u201ePrzypadek, jaka\u015b wojna w mie\u015bcie Grunberg\u201d \u2013 Mieczys\u0142aw J. Bonis\u0142awski \u201eIntegralno\u015b\u0107\u201d \u2013 Beata Przyby\u0142owska \u201eChod\u017a pomaluj\u0119 tw\u00f3j \u015bwiat\u201d \u2013 Magdalena Anna Sakowska \u201eSpowied\u017a nieznajomego\u201d \u2013 Natalia Dopiera\u0142a \u201eA gdzie diabe\u0142 nie mo\u017ce\u201d \u2013 Piotr Grzegorz Or\u0142owski \u201eSyndrom VT-815\u201d \u2013 Katarzyna Hajok \u201eB\u00f3g Cyrus\u201d \u2013 Paulina Wojciechowska Roland Hensoldt swoim opowiadaniem \u201e\u017belazna 2\u201d wygra\u0142 XII edycj\u0119 konkursu i zdoby\u0142 nagrod\u0119 Grand Prix! Opr\u00f3cz wy\u0142onienia zwyci\u0119zcy kapitu\u0142a przyzna\u0142a wyr\u00f3\u017cnienia dw\u00f3m innym pracom, kt\u00f3re jej zdaniem zaprezentowa\u0142y bardzo wysoki poziom: \u201eMirabelki\u201d Rados\u0142awa Oleka oraz \u201eGdzie ten, kt\u00f3ry powie mi, czy to koniec naszych dni\u201d Krzysztofa Syrka. Ksi\u0105\u017ck\u0119 wydano przy wsp\u00f3\u0142pracy Fabryki Reklamy SANDMEDIA i Galerii Tw\u00f3rc\u00f3w Galera.&nbsp; Zrealizowano przy pomocy finansowej Miasta Zielona G\u00f3ra.<\/p>\n","protected":false},"featured_media":2473,"template":"","meta":{"ngg_post_thumbnail":0},"product_brand":[],"product_cat":[35],"product_tag":[],"class_list":{"0":"post-2433","1":"product","2":"type-product","3":"status-publish","4":"has-post-thumbnail","6":"product_cat-antologie","8":"first","9":"instock","10":"shipping-taxable","11":"purchasable","12":"product-type-simple"},"_links":{"self":[{"href":"https:\/\/bachanaliafantastyczne.pl\/index.php\/wp-json\/wp\/v2\/product\/2433","targetHints":{"allow":["GET"]}}],"collection":[{"href":"https:\/\/bachanaliafantastyczne.pl\/index.php\/wp-json\/wp\/v2\/product"}],"about":[{"href":"https:\/\/bachanaliafantastyczne.pl\/index.php\/wp-json\/wp\/v2\/types\/product"}],"wp:featuredmedia":[{"embeddable":true,"href":"https:\/\/bachanaliafantastyczne.pl\/index.php\/wp-json\/wp\/v2\/media\/2473"}],"wp:attachment":[{"href":"https:\/\/bachanaliafantastyczne.pl\/index.php\/wp-json\/wp\/v2\/media?parent=2433"}],"wp:term":[{"taxonomy":"product_brand","embeddable":true,"href":"https:\/\/bachanaliafantastyczne.pl\/index.php\/wp-json\/wp\/v2\/product_brand?post=2433"},{"taxonomy":"product_cat","embeddable":true,"href":"https:\/\/bachanaliafantastyczne.pl\/index.php\/wp-json\/wp\/v2\/product_cat?post=2433"},{"taxonomy":"product_tag","embeddable":true,"href":"https:\/\/bachanaliafantastyczne.pl\/index.php\/wp-json\/wp\/v2\/product_tag?post=2433"}],"curies":[{"name":"wp","href":"https:\/\/api.w.org\/{rel}","templated":true}]}}

Fantazje Zielonogórskie XII

<p>Zawartość tomu:</p>
<ul>
<li>„Żelazna 2” – Roland Hensoldt</li>
<li>„Mirabelki” – Radosław Olek</li>
<li>„Gdzie ten, który powie mi, czy to koniec naszych dni” – Krzysztof Syrek</li>
<li>„Elegia dla miasta” – Artur Olchowy</li>
<li>„Cud” – Adam Sapierzyński</li>
<li>„Przypadek, jakaś wojna w mieście Grunberg” – Mieczysław J. Bonisławski</li>
<li>„Integralność” – Beata Przybyłowska</li>
<li>„Chodź pomaluję twój świat” – Magdalena Anna Sakowska</li>
<li>„Spowiedź nieznajomego” – Natalia Dopierała</li>
<li>„A gdzie diabeł nie może” – Piotr Grzegorz Orłowski</li>
<li>„Syndrom VT-815” – Katarzyna Hajok</li>
<li>„Bóg Cyrus” – Paulina Wojciechowska</li>
</ul>
<p>Roland Hensoldt swoim opowiadaniem „Żelazna 2” wygrał XII edycję konkursu i zdobył nagrodę Grand Prix! Oprócz wyłonienia zwycięzcy kapituła przyznała wyróżnienia dwóm innym pracom, które jej zdaniem zaprezentowały bardzo wysoki poziom: „Mirabelki” Radosława Oleka oraz „Gdzie ten, który powie mi, czy to koniec naszych dni” Krzysztofa Syrka.</p>
<p>Książkę wydano przy współpracy Fabryki Reklamy SANDMEDIA i Galerii Twórców Galera.&nbsp;</p>
<p>Zrealizowano przy pomocy finansowej Miasta Zielona Góra.</p>

<p>Zawartość tomu: „Żelazna 2” – Roland Hensoldt „Mirabelki” – Radosław Olek „Gdzie ten, który powie mi, czy to koniec naszych dni” – Krzysztof Syrek „Elegia dla miasta” – Artur Olchowy „Cud” – Adam Sapierzyński „Przypadek, jakaś wojna w mieście Grunberg” – Mieczysław J. Bonisławski „Integralność” – Beata Przybyłowska „Chodź pomaluję twój świat” – Magdalena Anna Sakowska „Spowiedź nieznajomego” – Natalia Dopierała „A gdzie diabeł nie może” – Piotr Grzegorz Orłowski „Syndrom VT-815” – Katarzyna Hajok „Bóg Cyrus” – Paulina Wojciechowska Roland Hensoldt swoim opowiadaniem „Żelazna 2” wygrał XII edycję konkursu i zdobył nagrodę Grand Prix! Oprócz wyłonienia zwycięzcy kapituła przyznała wyróżnienia dwóm innym pracom, które jej zdaniem zaprezentowały bardzo wysoki poziom: „Mirabelki” Radosława Oleka oraz „Gdzie ten, który powie mi, czy to koniec naszych dni” Krzysztofa Syrka. Książkę wydano przy współpracy Fabryki Reklamy SANDMEDIA i Galerii Twórców Galera.&nbsp; Zrealizowano przy pomocy finansowej Miasta Zielona Góra.</p>
